 is r(-2)?
67
Let o(u) = -2*u**3 - 33*u**2 - 49*u + 301. Give o(-14).
7
Let r(c) = c**3 - 17*c**2 + 15*c + 223. Calculate r(15).
-2
Let b(c) = -21*c**2 - 27*c - 26. Calculate b(-1).
-20
Let c(v) = 562*v + 563. Determine c(-1).
1
Let j(i) = -6145*i + 36869. Calculate j(6).
-1
Let n(d) = -3*d**3 + 28*d**2 - 23*d + 23. Give n(9).
-103
Let w(z) = z**3 + 15*z**2 - 8*z - 152. Determine w(-15).
-32
Let f(a) = -a**3 + 24*a**2 - 8*a - 301. Give f(23).
44
Let y(g) = g**3 - 22*g**2 + 688*g - 15141. Determine y(22).
-5
Let b(a) = -2*a**3 - 4*a**2 + 14. Calculate b(-3).
32
Let p(x) = 24*x - 420. Give p(18).
12
Let c(b) = -b**3 - 18*b**2 + 201*b + 1975. Give c(-23).
-3
Let o(t) = -14*t + 104. What is o(8)?
-8
Let k(b) = -b**3 - 6*b**2 + 24*b - 24. What is k(-9)?
3
Let b(i) = i**2 + 14*i + 19. Calculate b(-17).
70
Let r(n) = -n**2 + 406*n + 5055. What is r(-12)?
39
Let w(z) = z**2 + 58*z + 383. Determine w(-51).
26
Let k(h) = -14*h**2 - 113*h + 681. What is k(6)?
-501
Let d(y) = y**2 - 61*y - 953. Determine d(72).
-161
Let g(m) = -4395*m + 8805. Determine g(2).
15
Let m(b) = b**2 - 207*b + 9607. Give m(137).
17
Let g(f) = -19*f + 261. Determine g(13).
14
Let f(q) = -106*q + 249. What is f(3)?
-69
Let p(j) = j**2 - 2*j + 22. Calculate p(7).
57
Let p(g) = g**3 - 15*g**2 - 5*g - 7. Calculate p(5).
-282
Let d(q) = 5*q**2 + 19*q + 14. Give d(-7).
126
Let u(m) = -m**2 - 14*m - 116. Determine u(-6).
-68
Let c(q) = q**3 + 25*q**2 - 50*q - 633. Give c(-26).
-9
Let n(f) = 9*f**2 + 284*f - 8. Give n(-30).
-428
Let v(s) = -175*s - 1461. What is v(-8)?
-61
Let k(m) = 18*m + 382. What is k(-29)?
-140
Let i(t) = 20*t**2 + 75*t + 142. What is i(-2)?
72
Let d(v) = -22*v + 125. Determine d(5).
15
Let y(j) = -4*j**2 + 28*j - 7. Calculate y(7).
-7
Let j(p) = p + 117. Determine j(41).
158
Let v(u) = u**2 - 79*u + 2. Calculate v(79).
2
Let g(n) = -n**3 + 8*n**2 + 24*n - 2. What is g(10)?
38
Let h(b) = 2*b**2 - 17*b - 378. Determine h(-10).
-8
Let x(k) = k**2 + 168*k + 2032. What is x(-154)?
-124
Let a(p) = p**3 - 11*p**2 - 86*p + 954. What is a(12)?
66
Let t(m) = 2*m**3 - 19*m**2 - 33*m + 284. Determine t(10).
54
Let l(p) = -42*p - 687. Determine l(-15).
-57
Let j(z) = 261*z + 1819. Give j(-7).
-8
Let n(t) = 2*t**2 - 336*t + 1933. What is n(6)?
-11
Let j(i) = -i**3 - 7*i**2 + 6*i. Calculate j(-8).
16
Let m(c) = -c**3 - 26*c**2 - 26*c + 479. Determine m(-24).
-49
Let y(s) = -s**3 - 20*s**2 + 3*s - 80. What is y(-20)?
-140
Let s(p) = p**2 + 10*p - 296. Determine s(-23).
3
Let f(k) = -419*k + 969. What is f(2)?
131
Let v(k) = -5*k**2 + 31*k + 9. Determine v(-7).
-453
Let u(z) = -28*z**3 + 8*z**2 - 35*z + 25. Determine u(1).
-30
Let j(w) = w**3 - 4*w**2 - 27*w + 82. What is j(3)?
-8
Let x(b) = -2607*b + 385828. What is x(148)?
-8
Let l(x) = 2256*x + 1873. Give l(-1).
-383
Let q(k) = 8*k**2 + 366*k - 9348. What is q(-64)?
-4
Let d(f) = f**2 + 38*f - 5555. Give d(58).
13
Let l(x) = x**3 - 21*x**2 - 246*x - 686. Calculate l(30).
34
Let i(c) = 8*c**2 + 10*c - 40. Determine i(-3).
2
Let p(c) = 53*c - 940. Calculate p(18).
14
Let v(g) = -2*g**3 + 2*g**2 - 14*g + 65. Calculate v(4).
-87
Let s(i) = -i**3 + 2*i**2 + 44*i + 45. Calculate s(8).
13
Let t(q) = 672*q - 41669. Give t(62).
-5
Let b(g) = -299*g - 1796. What is b(-6)?
-2
Let h(a) = -78*a - 7442. Give h(-97).
124
Let t(j) = -9*j**2 + 1076*j - 71. Determine t(119).
524
Let u(n) = -962*n - 3842. Determine u(-4).
6
Let s(w) = w**3 + 13*w**2 - 86*w + 25. Determine s(-18).
-47
Let i(a) = -14*a**2 - 7*a - 2. What is i(-6)?
-464
Let s(l) = -747*l**3 - l**2 - 4*l + 4. What is s(1)?
-748
Let k(r) = r**3 + 12*r**2 - 189*r - 3. Calculate k(-21).
-3
Let u(d) = -d**2 - 49*d + 129. Give u(-51).
27
Let n(l) = 34*l + 466. Give n(-14).
-10
Let n(m) = -m**2 - 53*m + 241. What is n(5)?
-49
Let j(v) = 8*v**2 - 94*v - 14. Calculate j(9).
-212
Let y(z) = z**2 - 94*z + 523. Give y(88).
-5
Let i(w) = 2*w**2 + 43*w + 292. What is i(-12)?
64
Let u(k) = -2*k**3 - 96*k**2 + 18*k + 883. Determine u(-48).
19
Let w(a) = -3283*a - 19538. Calculate w(-6).
160
Let x(p) = -78*p + 281. Determine x(4).
-31
Let v(u) = -u**3 + 10*u**2 + 100*u - 3. Calculate v(16).
61
Let m(p) = -10*p**2 - 80*p + 171. What is m(2)?
-29
Let z(q) = 3*q**2 - 7*q - 62. Give z(-6).
88
Let m(o) = -o**3 - 31*o**2 - 35*o - 276. What is m(-30)?
-126
Let b(l) = 2*l**3 + 14*l**2 + 34*l + 229. Calculate b(-7).
-9
Let f(a) = 2*a**2 - 6*a - 107. Determine f(-6).
1
Let c(k) = 706*k - 9888. What is c(14)?
-4
Let p(a) = 160*a - 3498. Give p(22).
22
Let u(m) = 33*m - 212. Determine u(5).
-47
Let k(y) = y**3 + 11*y**2 + 4. Give k(-11).
4
Let v(f) = -573*f + 8596. Calculate v(15).
1
Let z(a) = -a**3 - 3*a**2 + 15*a - 12. What is z(-4)?
-56
Let j(q) = -q**2 - 46*q - 296. What is j(-38)?
8
Let j(o) = -o**3 + 3*o**2 + 2*o + 9. What is j(-4)?
113
Let k(p) = p**2 - 2*p - 1. What is k(-2)?
7
Let s(q) = 6*q**2 - 7*q - 142. Calculate s(-5).
43
Let j(v) = v**2 + 12*v - 104. What is j(7)?
29
Let s(j) = 6*j**2 - 16*j - 490. Determine s(11).
60
Let m(d) = 168*d - 393. What is m(2)?
-57
Let d(f) = -4*f - 182. What is d(-13)?
-130
Let m(r) = -r**3 + 56*r**2 - 413*r + 30678. Calculate m(58).
-4
Let x(k) = 19*k**2 + 21*k + 9. What is x(4)?
397
Let l(q) = -q**2 - 30*q + 317. Determine l(8).
13
Let y(i) = -3*i**2 + 27*i + 2. Determine y(-7).
-334
Let h(x) = 586*x + 33417. Calculate h(-57).
15
Let y(d) = d - 81. Calculate y(10).
-71
Let g(m) = -158*m - 8856. Determine g(-56).
-8
Let q(u) = -u**3 + 12*u**2 - 113*u + 938. Calculate q(10).
8
Let b(p) = 11*p**3 + 10*p**2 - 2*p - 1. Calculate b(-2).
-45
Let o(g) = 17*g - 772. What is o(47)?
27
Let h(o) = -o**2 - 14*o - 37. What is h(-11)?
-4
Let j(r) = -6*r**2 + 108*r - 443. Calculate j(4).
-107
Let h(n) = 72*n + 8477. Determine h(-118).
-19
Let k(l) = l**3 + 8*l**2 - 4*l + 1. Determine k(-3).
58
Let i(f) = f**3 - 32*f**2 + 85*f + 42. What is i(29)?
-16
Let j(d) = -d**2 + 509*d - 2027. Give j(4).
-7
Let i(b) = -b**2 + 8*b + 3. What is i(16)?
-125
Let t(o) = 892*o - 1784. What is t(2)?
0
Let v(t) = 17*t + 30. What is v(-12)?
-174
Let a(h) = h**3 - h**2 - 4*h - 46. Determine a(-6).
-274
Let z(j) = -413*j - 26848. Give z(-65).
-3
Let u(h) = -2*h**3 + 15*h**2 - 13*h + 56. What is u(7)?
14
Let x(j) = -3*j**2 + 12*j + 14. Give x(9).
-121
Let v(d) = -3*d**2 - 57*d + 851. Calculate v(-29).
-19
Let n(p) = -p**2 + 29*p - 157. What is n(17)?
47
Let g(s) = s**3 - 37*s**2 - 30*s + 252. Calculate g(37).
-858
Let t(r) = -2*r**3 - 189*r**2 - 99*r - 444. What is t(-94)?
26
Let v(p) = 89*p + 1336. Calculate v(-15).
1
Let c(n) = 12*n**2 - 4*n + 23. Calculate c(4).
199
Let o(y) = -137*y + 2600. What is o(19)?
-3
Let h(z) = -z**3 - 51*z**2 + 405*z - 57. Calculate h(-58).
1
Let d(o) = o**2 - 86*o - 137. What is d(90)?
223
Let i(m) = -3*m**3 - 29*m**2 + 161*m + 1631. Determine i(-9).
20
Let i(c) = c**2 - 47*c - 8. Give i(0).
-8
Let u(m) = 63*m**2 + 41*m + 81. Give u(-2).
251
Let s(j) = -15*j**2 - 12*j - 15. Give s(-2).
-51
Let c(v) = 2*v**3 + 351*v**2 + 871*v + 1017. Calculate c(-173).
-21
Let m(a) = -a**2 + 34*a + 113. Calculate m(37).
2
Let l(x) = 59*x**3 + x**2 + 8*x + 6. What is l(-1)?
-60
Let r(b) = -1393*b - 6981. Determine r(-5).
-16
Let x(a) = a**3 + 9*a**2 - 52*a - 374. What is x(-6)?
46
Let u(n) = 85*n + 2017. Calculate u(-18).
487
Let h(r) = r**3 + 7*r**2 - 68*r - 12. Determine h(-13).
-142
Let j(u) = -u**3 + 13*u**2 - 11*u - 15. Give j(13).
-158
Let q(m) = 24*m**2 + 267*m + 227. Determine q(-10).
-43
Let w(r) = r**3 - 16*r**2 - 2*r + 52. Give w(16).
20
Let v(a) = 6*a - 149. What is v(35)?
61
Let z(r) = -9*r**3 + 4*r**2 - 3*r + 14. What is z(4)?
-510
Let j(r) = -39*r + 52. Calculate j(12).
-416
Let y(b) = -6*b**2 + 79*b - 218. Give y(9).
7
Let f(v) = v**2 - 22*v + 66. Determine f(17).
-19
Let k(u) = u**3 - 186*u**2 + 1078*u - 10. What is k(6)?
-22
Let z(f) = 6*f**2 - 244*f + 827. What is z(37)?
13
Let w(q) = -15*q**3 + 6*q**2 - 2*q + 34. Determine w(4).
-838
Let c(f) = -f**3 + 9*f**2 + 12*f - 215. What is c(8)?
-55
Let a(b) = -8*b - 47. Calculate a(-6).
1
Let j(s) = -3*s**2 + 120*s + 7. Calculate j(40).
7
Let d(m) = 32*m + 399. Give d(-11).
47
Let i(u) = 7*u + 285. What is i(-26)?
103
Let s(o) = 12*o**2 - 10*o + 9. What is s(1)?
11
Let w(f) = 8*f + 189. What is w(-39)?
-123
Let m(n) = 21*n +